 - s. What is the tens digit of u?
5
Let h(x) = 46*x + 6. Let v be h(7). Suppose -5*r + v = -372. What is the hundreds digit of r?
1
Let k be (-4)/(-22) - (-20)/11. Suppose 2*m + k*o - 307 = 3*o, 5*m + 3*o = 762. What is the tens digit of m?
5
Let s be (4/(-7))/((-8)/28). Suppose 3*k - 235 = -s*k. What is the tens digit of k?
4
What is the tens digit of 504 + -8 + 6/6?
9
What is the hundreds digit of 246 + -9 - 14/(-2)?
2
Let t(j) = 23*j**3 - 2*j**2 + 9*j - 19. What is the tens digit of t(3)?
1
Let v(a) = -a**2 + 6*a - 18. Let y be v(-14). Let g = y + 448. What is the tens digit of g?
5
Suppose 5 = 13*z - 8. What is the tens digit of (-3)/(z - -2) + 24?
2
Suppose 20*y = 23*y - 12. What is the tens digit of ((-63)/2 - 0)/((-3)/y)?
4
Let b be 16/4 + -6 + 5. Suppose -678 = -b*n - p + 134, 2*p = -8. What is the tens digit of n?
7
Let t(n) = 96 + 7*n + 6*n + 0*n - 108. What is the units digit of t(9)?
5
What is the units digit of -2 + 2 + (-1467)/(-9)?
3
Let o(d) be the first derivative of d**3/3 + 4*d**2 + 21*d + 8. What is the tens digit of o(-11)?
5
Let u(j) = -j**3 + 16*j**2 - 16*j - 12. Let n be u(15). Let i = n + 51. What is the units digit of i?
4
Suppose 4*u = 3734 - 3282. What is the hundreds digit of u?
1
Let c = -3 + 5. Suppose c*h = 2*p - 3*h - 2, p = 3*h. Suppose z + 25 = p*z. What is the units digit of z?
5
Let t(w) = w**3 - 4*w**2 - 5*w - 4. Let b be t(5). Let j(f) = -11*f. Let p(i) = 33*i. Let n(a) = b*p(a) - 11*j(a). What is the tens digit of n(-5)?
5
Let g = -14 - -14. Let h = 2 - g. Suppose -5*x + 5*v = -95, 2*x = -h*v + 5*v + 33. What is the tens digit of x?
2
Suppose -2*f - 500 = -4*h, -9*h + 5*h - 4*f = -488. What is the hundreds digit of h?
1
Suppose p - 2 = -s, -2*s + s + 2 = 5*p. Suppose b = s*b. Suppose i - 59 = -3*k, i - 4*k + 1 - 25 = b. What is the tens digit of i?
4
Let k(h) = 3*h**3 + 5*h**2 + 9*h - 5. What is the units digit of k(4)?
3
Let d = 8 + -3. Suppose -3*c + 6*c = 2*o, 0 = d*o + 3*c. Suppose 2*r - 7*r + 25 = o. What is the units digit of r?
5
Let p be (4 - 176/40) + (-18)/5. Let y(j) be the third derivative of j**5/60 + j**4/12 - 5*j**3/6 + j**2. What is the units digit of y(p)?
3
Suppose 0 = -3*g + 3607 + 1640. What is the thousands digit of g?
1
Let p = -29 + 31. Suppose 116 + 18 = p*v. What is the units digit of v?
7
Let x = -75 + 79. Suppose 303 = x*n - 481. What is the units digit of n?
6
Suppose -3*u - 7 = 3*l + 2, -4*u - 3*l = 9. What is the tens digit of (u - (-7)/(-4))*-16?
2
Suppose 6 = -v + 20. Suppose -5*h = -v - 6. What is the units digit of (44/(h - 2))/2?
1
Suppose -c - 3*z - 11 = -69, -4*c + 2*z + 162 = 0. Suppose -c = -2*v - 3. What is the tens digit of v?
2
Let n = 3515 - 2794. What is the tens digit of n?
2
Let i be 1/(-4) + (-170)/(-40). Suppose -3*l - i*x + 88 = -0*l, 4*l + 5*x - 116 = 0. What is the units digit of l?
4
Let p(r) = 12*r**2 - 2*r + 13. What is the units digit of p(-15)?
3
Let f(t) = -t**3 + 7*t**2 + 5*t + 9. Let i be f(7). Suppose 0 = 4*p - 13*p + 27. What is the units digit of (-1 + 0)*(p - i)?
1
Suppose -r - 2*q = -3805, 3*q - 7 = -4. What is the units digit of r?
3
What is the hundreds digit of 0 + -95*(-1 + -2 + -1)?
3
Suppose -36*c = -31*c - 5380. What is the hundreds digit of c?
0
Let q(d) = 4*d - 1. Let p be q(1). Let n = -313 - -316. What is the units digit of -2 + 8 + p/n?
7
Suppose -2*x = -2*b + 49 + 99, -2*x + 6 = 0. What is the units digit of b?
7
Let w = -25 + 32. Suppose w*c = 10*c - 213. What is the tens digit of c?
7
Suppose -3*f = -5*o - 0*f + 1456, 0 = 2*o - 3*f - 577. What is the tens digit of o?
9
Let n = -4 + 8. Suppose n*h = -3 + 11. What is the tens digit of 33/1 - (h - 4)?
3
Let f = 230 + -121. Let y = f + 5. What is the units digit of y?
4
Let y(u) = -6*u - 8. Let s be y(-6). Let g = 9 + s. What is the tens digit of g?
3
Let q be (-1 - 0) + (-1 - -4). Let p = -35 - -39. Suppose -26 = -c - 4*m, p*c - 74 = m - q*m. What is the units digit of c?
8
Suppose 26*x - 21 = 19*x. Suppose 5*i = -2*d + 1040, 5*i - x*d - 1055 = -2*d. What is the tens digit of i?
1
Let i = 2788 + -1924. What is the tens digit of i?
6
Let d(f) = -f**2 - 22*f - 6. Let q be d(-9). Suppose 5*t = 79 + q. Suppose 2*w - 68 = -2*r, r = -w - 2*r + t. What is the tens digit of w?
3
Suppose 0*a = 4*l + 2*a + 10, 0 = 3*l - 5*a + 1. Let o be 5/(-2)*l/1. Suppose 0 = -x - 2, 0 = -u - 3*x + 1 + o. What is the units digit of u?
2
Let b = 165 + -75. Let j be (b/(-25))/(6/(-220)). Suppose -2*h - h = -j. What is the tens digit of h?
4
Let h(d) = -98*d - 40. What is the units digit of h(-3)?
4
Let v(l) = l**3 + 5*l**2 + l - 4. Let u be v(-4). What is the units digit of (4 + (-12)/u)*(-568)/(-10)?
2
Let r(p) = -p**2 + 2*p + 2. Let w(z) = -2*z. Let n be w(0). Let b be r(n). What is the units digit of 2 + b - (0 - 6)?
0
Suppose 3*l = 5*x + 2*l - 662, 5*x - 654 = -3*l. What is the tens digit of x?
3
Let n be 67 + 0/1 - 1. Let h = n - 32. What is the units digit of h?
4
Let k = 677 + 685. What is the tens digit of k?
6
Let t be 3 - (1 + 6 + -4). Suppose t*i = 3*i - 33. Let a = 13 - i. What is the units digit of a?
2
Let y(i) = -i**2 + 22*i - 19. Let l be y(21). Suppose -35 = -l*b + 237. What is the tens digit of b?
3
Let m be 10*43/14 - (-2)/7. Let o = 132 - m. What is the units digit of o?
1
Let o = 6 + -26. What is the units digit of (-1595)/o + -2*(-6)/(-16)?
9
Let h(w) = 2*w**2 - 8*w + 52. What is the tens digit of h(12)?
4
Let f = 410 + -267. What is the units digit of f?
3
Suppose 3*a - 6*a + 111 = 0. Suppose -3*s + 187 = 4*x, a + 0 = s - 5*x. Suppose -69 = -2*q + s. What is the tens digit of q?
6
Let x be 1/(1/(-3 - -7)). Suppose 51 = x*a + 3. Suppose 3*v = -a, -68 = -2*q + v + 3*v. What is the tens digit of q?
2
Let h(w) = -w + 6. Let o be h(6). Let l be (-3)/3 - (4 + o). What is the units digit of 2 + l + 6 + -2?
1
What is the hundreds digit of 20/35 - 9719/(-7)?
3
Suppose 2*i - 4*o + 2*o - 594 = 0, 0 = -2*i - 3*o + 619. What is the units digit of i?
2
Let r = 15 - 5. Let m(q) = 5*q**3 + 11*q**3 - 9*q**2 + 17*q + r - 17*q**3. What is the tens digit of m(-11)?
6
Let a(b) = -2*b**2 + 6*b. Let w be a(3). What is the units digit of (w - (-73)/(-4))/(21/(-84))?
3
Suppose -4*a + 441 - 1281 = -x, -4*x + 420 = -2*a. Let t = 508 + a. What is the units digit of t?
8
Let v(f) = 31*f - 8. Let r be v(10). Let p = -202 + r. What is the hundreds digit of p?
1
Let r(d) = 40*d**3 - 3*d**2 - 4*d + 11. What is the hundreds digit of r(2)?
3
Let j = 298 - 113. Let o = j - 78. What is the tens digit of o?
0
Let u(a) = -7*a - 193. What is the tens digit of u(-35)?
5
Let n be 3/12*-2*-2. Suppose 4*v = 2*a + 4, -v + 2*a - n = 1. Suppose 5*k = -v*r + 17, -4*k - 4 = -0. What is the tens digit of r?
1
What is the tens digit of 1 + 0 + 1 + (-4 - -217)?
1
Suppose 0 = -16*f + 107 + 8805. What is the units digit of f?
7
Suppose 6 = 3*y, -4*g + 3*y + 50 = -8*g. Let a = -1 - -1. What is the tens digit of (a - (-1 + g)) + -3?
1
Let z be 3 - 0*1/2. Suppose 4*r = 5*l + 2*r - 1192, -5*l - z*r = -1212. What is the units digit of l?
0
Let j be (4 + 1)*-1 + 18. Suppose 0 = 8*g - j*g + 1145. What is the hundreds digit of g?
2
Suppose -p + 5*d = 3, 0*d = 2*p + 4*d - 22. Suppose g + p - 20 = 2*a, -4*a - 47 = -3*g. What is the units digit of g?
1
What is the hundreds digit of 26*19 + 10/40*0?
4
Let s be (-2)/6*-1 + (-640)/(-6). Let g = s - 65. What is the tens digit of g?
4
Suppose -3*h + f + 178 = -4*f, -h = 5*f - 46. Let w(u) = 5*u**2 - 2*u + 5. Let y be w(-4). Let o = y - h. What is the units digit of o?
7
Let i be 16/2 - (-12)/(-4). Suppose 0 = -5*w - v - 1271, -i*v - 323 = w - 64. What is the tens digit of w/(-14) + (-1)/7?
1
Suppose 3*g + t + 1058 - 8332 = 0, 0 = -g - 3*t + 2438. What is the tens digit of g?
2
Let h = -16 + 62. Suppose 17*l = 15*l + h. What is the units digit of l?
3
Let w be (-5 - 9)/((-2)/28). Let s = 296 - w. What is the units digit of s?
0
Suppose -40 = -3*s + 98. Let i = 23 + s. What is the tens digit of i?
6
Suppose t + 9749 = 5*s + 2*t, -t + 1949 = s. What is the thousands digit of s?
1
Let p(b) = -b**2 - 153. Let i be p(0). Let l = i - -294. Suppose l = 5*d + 26. What is the tens digit of d?
2
Suppose -4*r + 116 = -160. Let p = -47 + r. What is the units digit of p?
2
Suppose -55020 = -26*a + 21*a. What i